{"id":499,"date":"2014-09-25T12:24:49","date_gmt":"2014-09-25T10:24:49","guid":{"rendered":"http:\/\/www.swietoszowice.pl\/?page_id=499"},"modified":"2014-10-13T11:21:51","modified_gmt":"2014-10-13T09:21:51","slug":"galerie-3","status":"publish","type":"page","link":"https:\/\/www.swietoszowice.pl\/?page_id=499","title":{"rendered":"Galerie"},"content":{"rendered":"<p>\t<div class=\"ngg-albumoverview\">\n\t\t\t\t\t<div class=\"ngg-album-compact\">\n\t\t\t\t<div class=\"ngg-album-compactbox\">\n\t\t\t\t\t<div class=\"ngg-album-link\">\n\t\t\t\t\t\t\t\t\t\t\t\t\t<a title='2003 Jadwigafest' href='https:\/\/www.swietoszowice.pl\/index.php\/nggallery\/test\/2003-jadwigafest?page_id=499'>\n\t\t\t\t\t\t\t\t<img class=\"Thumb\"\n\t\t\t\t\t\t\t\t\talt=\"2003 Jadwigafest\"\n\t\t\t\t\t\t\t\t\tsrc=\"https:\/\/www.swietoszowice.pl\/wp-content\/gallery\/2003-jadwigafest\/cache\/2.jpg-nggid0289-ngg0dyn-91x68-00f0w010c011r110f110r010t010.jpg\"\/>\n\t\t\t\t\t\t\t<\/a>\n\t\t\t\t\t\t\t\t\t\t\t<\/div>\n\t\t\t\t<\/div>\n\t\t\t\t\t\t\t\t<h4>\n\t\t\t\t\t<a class='ngg-album-desc'\n\t\t\t\t\t\ttitle='2003 Jadwigafest' href='https:\/\/www.swietoszowice.pl\/index.php\/nggallery\/test\/2003-jadwigafest?page_id=499'style=\"max-width: 111px\"\t\t\t\t\t>\n\t\t\t\t\t\t2003 Jadwigafest\t\t\t\t\t<\/a>\n\t\t\t\t<\/h4>\n\t\t\t\t<p class=\"ngg-album-gallery-image-counter\">\n\t\t\t\t\t\t\t\t\t\t\t<strong>44<\/strong>&nbsp;Zdj\u0119\u0107\t\t\t\t\t\t\t\t\t<\/p>\n\t\t\t<\/div>\n\t\t\t\t\t<div class=\"ngg-album-compact\">\n\t\t\t\t<div class=\"ngg-album-compactbox\">\n\t\t\t\t\t<div class=\"ngg-album-link\">\n\t\t\t\t\t\t\t\t\t\t\t\t\t<a title='2003 Do\u017cynki Powiatowe korony' href='https:\/\/www.swietoszowice.pl\/index.php\/nggallery\/test\/2003-dozynki-powiatowe-korony?page_id=499'>\n\t\t\t\t\t\t\t\t<img class=\"Thumb\"\n\t\t\t\t\t\t\t\t\talt=\"2003 Do\u017cynki Powiatowe korony\"\n\t\t\t\t\t\t\t\t\tsrc=\"https:\/\/www.swietoszowice.pl\/wp-content\/gallery\/2003-dozynki-powiatowe-korony\/cache\/IM000012.JPG-nggid0277-ngg0dyn-91x68-00f0w010c011r110f110r010t010.JPG\"\/>\n\t\t\t\t\t\t\t<\/a>\n\t\t\t\t\t\t\t\t\t\t\t<\/div>\n\t\t\t\t<\/div>\n\t\t\t\t\t\t\t\t<h4>\n\t\t\t\t\t<a class='ngg-album-desc'\n\t\t\t\t\t\ttitle='2003 Do\u017cynki Powiatowe korony' href='https:\/\/www.swietoszowice.pl\/index.php\/nggallery\/test\/2003-dozynki-powiatowe-korony?page_id=499'style=\"max-width: 111px\"\t\t\t\t\t>\n\t\t\t\t\t\t2003 Do\u017cynki Powiatowe korony\t\t\t\t\t<\/a>\n\t\t\t\t<\/h4>\n\t\t\t\t<p class=\"ngg-album-gallery-image-counter\">\n\t\t\t\t\t\t\t\t\t\t\t<strong>12<\/strong>&nbsp;Zdj\u0119\u0107\t\t\t\t\t\t\t\t\t<\/p>\n\t\t\t<\/div>\n\t\t\t\t\t<div class=\"ngg-album-compact\">\n\t\t\t\t<div class=\"ngg-album-compactbox\">\n\t\t\t\t\t<div class=\"ngg-album-link\">\n\t\t\t\t\t\t\t\t\t\t\t\t\t<a title='2004 Do\u017cynki Ksi\u0119\u017cy Las' href='https:\/\/www.swietoszowice.pl\/index.php\/nggallery\/test\/2004-dozynki-ksiezy-las?page_id=499'>\n\t\t\t\t\t\t\t\t<img class=\"Thumb\"\n\t\t\t\t\t\t\t\t\talt=\"2004 Do\u017cynki Ksi\u0119\u017cy Las\"\n\t\t\t\t\t\t\t\t\tsrc=\"https:\/\/www.swietoszowice.pl\/wp-content\/gallery\/2004-dozynki-ksiezy-las\/cache\/IM000083.JPG-nggid03136-ngg0dyn-91x68-00f0w010c011r110f110r010t010.JPG\"\/>\n\t\t\t\t\t\t\t<\/a>\n\t\t\t\t\t\t\t\t\t\t\t<\/div>\n\t\t\t\t<\/div>\n\t\t\t\t\t\t\t\t<h4>\n\t\t\t\t\t<a class='ngg-album-desc'\n\t\t\t\t\t\ttitle='2004 Do\u017cynki Ksi\u0119\u017cy Las' href='https:\/\/www.swietoszowice.pl\/index.php\/nggallery\/test\/2004-dozynki-ksiezy-las?page_id=499'style=\"max-width: 111px\"\t\t\t\t\t>\n\t\t\t\t\t\t2004 Do\u017cynki Ksi\u0119\u017cy Las\t\t\t\t\t<\/a>\n\t\t\t\t<\/h4>\n\t\t\t\t<p class=\"ngg-album-gallery-image-counter\">\n\t\t\t\t\t\t\t\t\t\t\t<strong>8<\/strong>&nbsp;Zdj\u0119\u0107\t\t\t\t\t\t\t\t\t<\/p>\n\t\t\t<\/div>\n\t\t\t\t\t<div class=\"ngg-album-compact\">\n\t\t\t\t<div class=\"ngg-album-compactbox\">\n\t\t\t\t\t<div class=\"ngg-album-link\">\n\t\t\t\t\t\t\t\t\t\t\t\t\t<a title='2004 korony \u017cniwne' href='https:\/\/www.swietoszowice.pl\/index.php\/nggallery\/test\/2004-korony-zniwne?page_id=499'>\n\t\t\t\t\t\t\t\t<img class=\"Thumb\"\n\t\t\t\t\t\t\t\t\talt=\"2004 korony \u017cniwne\"\n\t\t\t\t\t\t\t\t\tsrc=\"https:\/\/www.swietoszowice.pl\/wp-content\/gallery\/2004-korony-zniwne\/cache\/IM000118.JPG-nggid03144-ngg0dyn-91x68-00f0w010c011r110f110r010t010.JPG\"\/>\n\t\t\t\t\t\t\t<\/a>\n\t\t\t\t\t\t\t\t\t\t\t<\/div>\n\t\t\t\t<\/div>\n\t\t\t\t\t\t\t\t<h4>\n\t\t\t\t\t<a class='ngg-album-desc'\n\t\t\t\t\t\ttitle='2004 korony \u017cniwne' href='https:\/\/www.swietoszowice.pl\/index.php\/nggallery\/test\/2004-korony-zniwne?page_id=499'style=\"max-width: 111px\"\t\t\t\t\t>\n\t\t\t\t\t\t2004 korony \u017cniwne\t\t\t\t\t<\/a>\n\t\t\t\t<\/h4>\n\t\t\t\t<p class=\"ngg-album-gallery-image-counter\">\n\t\t\t\t\t\t\t\t\t\t\t<strong>3<\/strong>&nbsp;Zdj\u0119\u0107\t\t\t\t\t\t\t\t\t<\/p>\n\t\t\t<\/div>\n\t\t\t\t\t<div class=\"ngg-album-compact\">\n\t\t\t\t<div class=\"ngg-album-compactbox\">\n\t\t\t\t\t<div class=\"ngg-album-link\">\n\t\t\t\t\t\t\t\t\t\t\t\t\t<a title='2005 Do\u017cynki Gminne' href='https:\/\/www.swietoszowice.pl\/index.php\/nggallery\/test\/2005-dozynki-gminne?page_id=499'>\n\t\t\t\t\t\t\t\t<img class=\"Thumb\"\n\t\t\t\t\t\t\t\t\talt=\"2005 Do\u017cynki Gminne\"\n\t\t\t\t\t\t\t\t\tsrc=\"https:\/\/www.swietoszowice.pl\/wp-content\/gallery\/2005-dozynki-gminne\/cache\/IM000086.JPG-nggid03152-ngg0dyn-91x68-00f0w010c011r110f110r010t010.JPG\"\/>\n\t\t\t\t\t\t\t<\/a>\n\t\t\t\t\t\t\t\t\t\t\t<\/div>\n\t\t\t\t<\/div>\n\t\t\t\t\t\t\t\t<h4>\n\t\t\t\t\t<a class='ngg-album-desc'\n\t\t\t\t\t\ttitle='2005 Do\u017cynki Gminne' href='https:\/\/www.swietoszowice.pl\/index.php\/nggallery\/test\/2005-dozynki-gminne?page_id=499'style=\"max-width: 111px\"\t\t\t\t\t>\n\t\t\t\t\t\t2005 Do\u017cynki Gminne\t\t\t\t\t<\/a>\n\t\t\t\t<\/h4>\n\t\t\t\t<p class=\"ngg-album-gallery-image-counter\">\n\t\t\t\t\t\t\t\t\t\t\t<strong>19<\/strong>&nbsp;Zdj\u0119\u0107\t\t\t\t\t\t\t\t\t<\/p>\n\t\t\t<\/div>\n\t\t\t\t\t<div class=\"ngg-album-compact\">\n\t\t\t\t<div class=\"ngg-album-compactbox\">\n\t\t\t\t\t<div class=\"ngg-album-link\">\n\t\t\t\t\t\t\t\t\t\t\t\t\t<a title='2005 Do\u017cynki Parafialne' href='https:\/\/www.swietoszowice.pl\/index.php\/nggallery\/test\/2005-dozynki-parafialne?page_id=499'>\n\t\t\t\t\t\t\t\t<img class=\"Thumb\"\n\t\t\t\t\t\t\t\t\talt=\"2005 Do\u017cynki Parafialne\"\n\t\t\t\t\t\t\t\t\tsrc=\"https:\/\/www.swietoszowice.pl\/wp-content\/gallery\/2005-dozynki-parafialne\/cache\/Obraz-091.jpg-nggid03171-ngg0dyn-91x68-00f0w010c011r110f110r010t010.jpg\"\/>\n\t\t\t\t\t\t\t<\/a>\n\t\t\t\t\t\t\t\t\t\t\t<\/div>\n\t\t\t\t<\/div>\n\t\t\t\t\t\t\t\t<h4>\n\t\t\t\t\t<a class='ngg-album-desc'\n\t\t\t\t\t\ttitle='2005 Do\u017cynki Parafialne' href='https:\/\/www.swietoszowice.pl\/index.php\/nggallery\/test\/2005-dozynki-parafialne?page_id=499'style=\"max-width: 111px\"\t\t\t\t\t>\n\t\t\t\t\t\t2005 Do\u017cynki Parafialne\t\t\t\t\t<\/a>\n\t\t\t\t<\/h4>\n\t\t\t\t<p class=\"ngg-album-gallery-image-counter\">\n\t\t\t\t\t\t\t\t\t\t\t<strong>12<\/strong>&nbsp;Zdj\u0119\u0107\t\t\t\t\t\t\t\t\t<\/p>\n\t\t\t<\/div>\n\t\t\t\t\t<div class=\"ngg-album-compact\">\n\t\t\t\t<div class=\"ngg-album-compactbox\">\n\t\t\t\t\t<div class=\"ngg-album-link\">\n\t\t\t\t\t\t\t\t\t\t\t\t\t<a title='2005 Do\u017cynki Powiatowe' href='https:\/\/www.swietoszowice.pl\/index.php\/nggallery\/test\/2005-dozynki-powiatowe?page_id=499'>\n\t\t\t\t\t\t\t\t<img class=\"Thumb\"\n\t\t\t\t\t\t\t\t\talt=\"2005 Do\u017cynki Powiatowe\"\n\t\t\t\t\t\t\t\t\tsrc=\"https:\/\/www.swietoszowice.pl\/wp-content\/gallery\/2005-dozynki-powiatowe\/cache\/IM000050.JPG-nggid03183-ngg0dyn-91x68-00f0w010c011r110f110r010t010.JPG\"\/>\n\t\t\t\t\t\t\t<\/a>\n\t\t\t\t\t\t\t\t\t\t\t<\/div>\n\t\t\t\t<\/div>\n\t\t\t\t\t\t\t\t<h4>\n\t\t\t\t\t<a class='ngg-album-desc'\n\t\t\t\t\t\ttitle='2005 Do\u017cynki Powiatowe' href='https:\/\/www.swietoszowice.pl\/index.php\/nggallery\/test\/2005-dozynki-powiatowe?page_id=499'style=\"max-width: 111px\"\t\t\t\t\t>\n\t\t\t\t\t\t2005 Do\u017cynki Powiatowe\t\t\t\t\t<\/a>\n\t\t\t\t<\/h4>\n\t\t\t\t<p class=\"ngg-album-gallery-image-counter\">\n\t\t\t\t\t\t\t\t\t\t\t<strong>15<\/strong>&nbsp;Zdj\u0119\u0107\t\t\t\t\t\t\t\t\t<\/p>\n\t\t\t<\/div>\n\t\t\t\t\t<div class=\"ngg-album-compact\">\n\t\t\t\t<div class=\"ngg-album-compactbox\">\n\t\t\t\t\t<div class=\"ngg-album-link\">\n\t\t\t\t\t\t\t\t\t\t\t\t\t<a title='2006 Do\u017cynki' href='https:\/\/www.swietoszowice.pl\/index.php\/nggallery\/test\/2006-dozynki?page_id=499'>\n\t\t\t\t\t\t\t\t<img class=\"Thumb\"\n\t\t\t\t\t\t\t\t\talt=\"2006 Do\u017cynki\"\n\t\t\t\t\t\t\t\t\tsrc=\"https:\/\/www.swietoszowice.pl\/wp-content\/gallery\/2006-dozynki\/cache\/IM000074.JPG-nggid03206-ngg0dyn-91x68-00f0w010c011r110f110r010t010.JPG\"\/>\n\t\t\t\t\t\t\t<\/a>\n\t\t\t\t\t\t\t\t\t\t\t<\/div>\n\t\t\t\t<\/div>\n\t\t\t\t\t\t\t\t<h4>\n\t\t\t\t\t<a class='ngg-album-desc'\n\t\t\t\t\t\ttitle='2006 Do\u017cynki' href='https:\/\/www.swietoszowice.pl\/index.php\/nggallery\/test\/2006-dozynki?page_id=499'style=\"max-width: 111px\"\t\t\t\t\t>\n\t\t\t\t\t\t2006 Do\u017cynki\t\t\t\t\t<\/a>\n\t\t\t\t<\/h4>\n\t\t\t\t<p class=\"ngg-album-gallery-image-counter\">\n\t\t\t\t\t\t\t\t\t\t\t<strong>14<\/strong>&nbsp;Zdj\u0119\u0107\t\t\t\t\t\t\t\t\t<\/p>\n\t\t\t<\/div>\n\t\t\t\t\t<div class=\"ngg-album-compact\">\n\t\t\t\t<div class=\"ngg-album-compactbox\">\n\t\t\t\t\t<div class=\"ngg-album-link\">\n\t\t\t\t\t\t\t\t\t\t\t\t\t<a title='2006 Weihnachtsmarkt' href='https:\/\/www.swietoszowice.pl\/index.php\/nggallery\/test\/2006-weihnachtsfest?page_id=499'>\n\t\t\t\t\t\t\t\t<img class=\"Thumb\"\n\t\t\t\t\t\t\t\t\talt=\"2006 Weihnachtsmarkt\"\n\t\t\t\t\t\t\t\t\tsrc=\"https:\/\/www.swietoszowice.pl\/wp-content\/gallery\/2006-weihnachtsfest\/cache\/IM000012.JPG-nggid03234-ngg0dyn-91x68-00f0w010c011r110f110r010t010.JPG\"\/>\n\t\t\t\t\t\t\t<\/a>\n\t\t\t\t\t\t\t\t\t\t\t<\/div>\n\t\t\t\t<\/div>\n\t\t\t\t\t\t\t\t<h4>\n\t\t\t\t\t<a class='ngg-album-desc'\n\t\t\t\t\t\ttitle='2006 Weihnachtsmarkt' href='https:\/\/www.swietoszowice.pl\/index.php\/nggallery\/test\/2006-weihnachtsfest?page_id=499'style=\"max-width: 111px\"\t\t\t\t\t>\n\t\t\t\t\t\t2006 Weihnachtsmarkt\t\t\t\t\t<\/a>\n\t\t\t\t<\/h4>\n\t\t\t\t<p class=\"ngg-album-gallery-image-counter\">\n\t\t\t\t\t\t\t\t\t\t\t<strong>3<\/strong>&nbsp;Zdj\u0119\u0107\t\t\t\t\t\t\t\t\t<\/p>\n\t\t\t<\/div>\n\t\t\t\t\t<div class=\"ngg-album-compact\">\n\t\t\t\t<div class=\"ngg-album-compactbox\">\n\t\t\t\t\t<div class=\"ngg-album-link\">\n\t\t\t\t\t\t\t\t\t\t\t\t\t<a title='2007 Weihnachtsmarkt' href='https:\/\/www.swietoszowice.pl\/index.php\/nggallery\/test\/2007-weihnachtsmarkt?page_id=499'>\n\t\t\t\t\t\t\t\t<img class=\"Thumb\"\n\t\t\t\t\t\t\t\t\talt=\"2007 Weihnachtsmarkt\"\n\t\t\t\t\t\t\t\t\tsrc=\"https:\/\/www.swietoszowice.pl\/wp-content\/gallery\/2007-weihnachtsmarkt\/cache\/HPIM0711.JPG-nggid03294-ngg0dyn-91x68-00f0w010c011r110f110r010t010.JPG\"\/>\n\t\t\t\t\t\t\t<\/a>\n\t\t\t\t\t\t\t\t\t\t\t<\/div>\n\t\t\t\t<\/div>\n\t\t\t\t\t\t\t\t<h4>\n\t\t\t\t\t<a class='ngg-album-desc'\n\t\t\t\t\t\ttitle='2007 Weihnachtsmarkt' href='https:\/\/www.swietoszowice.pl\/index.php\/nggallery\/test\/2007-weihnachtsmarkt?page_id=499'style=\"max-width: 111px\"\t\t\t\t\t>\n\t\t\t\t\t\t2007 Weihnachtsmarkt\t\t\t\t\t<\/a>\n\t\t\t\t<\/h4>\n\t\t\t\t<p class=\"ngg-album-gallery-image-counter\">\n\t\t\t\t\t\t\t\t\t\t\t<strong>6<\/strong>&nbsp;Zdj\u0119\u0107\t\t\t\t\t\t\t\t\t<\/p>\n\t\t\t<\/div>\n\t\t\t\t\t<div class=\"ngg-album-compact\">\n\t\t\t\t<div class=\"ngg-album-compactbox\">\n\t\t\t\t\t<div class=\"ngg-album-link\">\n\t\t\t\t\t\t\t\t\t\t\t\t\t<a title='2011 A1 Budowa' href='https:\/\/www.swietoszowice.pl\/index.php\/nggallery\/test\/2011-a1-budowa?page_id=499'>\n\t\t\t\t\t\t\t\t<img class=\"Thumb\"\n\t\t\t\t\t\t\t\t\talt=\"2011 A1 Budowa\"\n\t\t\t\t\t\t\t\t\tsrc=\"https:\/\/www.swietoszowice.pl\/wp-content\/gallery\/2011-a1-budowa\/cache\/Obraz-077.jpg-nggid03331-ngg0dyn-91x68-00f0w010c011r110f110r010t010.jpg\"\/>\n\t\t\t\t\t\t\t<\/a>\n\t\t\t\t\t\t\t\t\t\t\t<\/div>\n\t\t\t\t<\/div>\n\t\t\t\t\t\t\t\t<h4>\n\t\t\t\t\t<a class='ngg-album-desc'\n\t\t\t\t\t\ttitle='2011 A1 Budowa' href='https:\/\/www.swietoszowice.pl\/index.php\/nggallery\/test\/2011-a1-budowa?page_id=499'style=\"max-width: 111px\"\t\t\t\t\t>\n\t\t\t\t\t\t2011 A1 Budowa\t\t\t\t\t<\/a>\n\t\t\t\t<\/h4>\n\t\t\t\t<p class=\"ngg-album-gallery-image-counter\">\n\t\t\t\t\t\t\t\t\t\t\t<strong>22<\/strong>&nbsp;Zdj\u0119\u0107\t\t\t\t\t\t\t\t\t<\/p>\n\t\t\t<\/div>\n\t\t\t\t\t<div class=\"ngg-album-compact\">\n\t\t\t\t<div class=\"ngg-album-compactbox\">\n\t\t\t\t\t<div class=\"ngg-album-link\">\n\t\t\t\t\t\t\t\t\t\t\t\t\t<a title='2011 Plac zabaw' href='https:\/\/www.swietoszowice.pl\/index.php\/nggallery\/test\/2011-plac-zabaw?page_id=499'>\n\t\t\t\t\t\t\t\t<img class=\"Thumb\"\n\t\t\t\t\t\t\t\t\talt=\"2011 Plac zabaw\"\n\t\t\t\t\t\t\t\t\tsrc=\"https:\/\/www.swietoszowice.pl\/wp-content\/gallery\/2011-plac-zabaw\/cache\/Obraz-255.jpg-nggid03359-ngg0dyn-91x68-00f0w010c011r110f110r010t010.jpg\"\/>\n\t\t\t\t\t\t\t<\/a>\n\t\t\t\t\t\t\t\t\t\t\t<\/div>\n\t\t\t\t<\/div>\n\t\t\t\t\t\t\t\t<h4>\n\t\t\t\t\t<a class='ngg-album-desc'\n\t\t\t\t\t\ttitle='2011 Plac zabaw' href='https:\/\/www.swietoszowice.pl\/index.php\/nggallery\/test\/2011-plac-zabaw?page_id=499'style=\"max-width: 111px\"\t\t\t\t\t>\n\t\t\t\t\t\t2011 Plac zabaw\t\t\t\t\t<\/a>\n\t\t\t\t<\/h4>\n\t\t\t\t<p class=\"ngg-album-gallery-image-counter\">\n\t\t\t\t\t\t\t\t\t\t\t<strong>1<\/strong>&nbsp;Zdj\u0119\u0107\t\t\t\t\t\t\t\t\t<\/p>\n\t\t\t<\/div>\n\t\t\t\t\t<div class=\"ngg-album-compact\">\n\t\t\t\t<div class=\"ngg-album-compactbox\">\n\t\t\t\t\t<div class=\"ngg-album-link\">\n\t\t\t\t\t\t\t\t\t\t\t\t\t<a title='201410_Plac_Zabaw' href='https:\/\/www.swietoszowice.pl\/index.php\/nggallery\/test\/201410_plac_zabaw?page_id=499'>\n\t\t\t\t\t\t\t\t<img class=\"Thumb\"\n\t\t\t\t\t\t\t\t\talt=\"201410_Plac_Zabaw\"\n\t\t\t\t\t\t\t\t\tsrc=\"https:\/\/www.swietoszowice.pl\/wp-content\/gallery\/201410_plac_zabaw\/cache\/20141019_151021.jpg-nggid03360-ngg0dyn-91x68-00f0w010c011r110f110r010t010.jpg\"\/>\n\t\t\t\t\t\t\t<\/a>\n\t\t\t\t\t\t\t\t\t\t\t<\/div>\n\t\t\t\t<\/div>\n\t\t\t\t\t\t\t\t<h4>\n\t\t\t\t\t<a class='ngg-album-desc'\n\t\t\t\t\t\ttitle='201410_Plac_Zabaw' href='https:\/\/www.swietoszowice.pl\/index.php\/nggallery\/test\/201410_plac_zabaw?page_id=499'style=\"max-width: 111px\"\t\t\t\t\t>\n\t\t\t\t\t\t201410_Plac_Zabaw\t\t\t\t\t<\/a>\n\t\t\t\t<\/h4>\n\t\t\t\t<p class=\"ngg-album-gallery-image-counter\">\n\t\t\t\t\t\t\t\t\t\t\t<strong>13<\/strong>&nbsp;Zdj\u0119\u0107\t\t\t\t\t\t\t\t\t<\/p>\n\t\t\t<\/div>\n\t\t\t\t\t<div class=\"ngg-album-compact\">\n\t\t\t\t<div class=\"ngg-album-compactbox\">\n\t\t\t\t\t<div class=\"ngg-album-link\">\n\t\t\t\t\t\t\t\t\t\t\t\t\t<a title='2015 Dzie\u0144 Babci' href='https:\/\/www.swietoszowice.pl\/index.php\/nggallery\/test\/2015-dzien-babci?page_id=499'>\n\t\t\t\t\t\t\t\t<img class=\"Thumb\"\n\t\t\t\t\t\t\t\t\talt=\"2015 Dzie\u0144 Babci\"\n\t\t\t\t\t\t\t\t\tsrc=\"https:\/\/www.swietoszowice.pl\/wp-content\/gallery\/2015-dzien-babci\/cache\/WP_20150125_001.jpg-nggid03373-ngg0dyn-91x68-00f0w010c011r110f110r010t010.jpg\"\/>\n\t\t\t\t\t\t\t<\/a>\n\t\t\t\t\t\t\t\t\t\t\t<\/div>\n\t\t\t\t<\/div>\n\t\t\t\t\t\t\t\t<h4>\n\t\t\t\t\t<a class='ngg-album-desc'\n\t\t\t\t\t\ttitle='2015 Dzie\u0144 Babci' href='https:\/\/www.swietoszowice.pl\/index.php\/nggallery\/test\/2015-dzien-babci?page_id=499'style=\"max-width: 111px\"\t\t\t\t\t>\n\t\t\t\t\t\t2015 Dzie\u0144 Babci\t\t\t\t\t<\/a>\n\t\t\t\t<\/h4>\n\t\t\t\t<p class=\"ngg-album-gallery-image-counter\">\n\t\t\t\t\t\t\t\t\t\t\t<strong>6<\/strong>&nbsp;Zdj\u0119\u0107\t\t\t\t\t\t\t\t\t<\/p>\n\t\t\t<\/div>\n\t\t\t\t<br class=\"ngg-clear\"\/>\n\t\t<div class='ngg-clear'><\/div>\t<\/div>\n<\/p>\n","protected":false},"excerpt":{"rendered":"<p>2003 Jadwigafest 44&nbsp;Zdj\u0119\u0107 2003 Do\u017cynki Powiatowe korony 12&nbsp;Zdj\u0119\u0107 2004 Do\u017cynki Ksi\u0119\u017cy Las 8&nbsp;Zdj\u0119\u0107 2004 korony \u017cniwne 3&nbsp;Zdj\u0119\u0107 2005 Do\u017cynki Gminne 19&nbsp;Zdj\u0119\u0107 2005 Do\u017cynki Parafialne 12&nbsp;Zdj\u0119\u0107 2005 Do\u017cynki Powiatowe 15&nbsp;Zdj\u0119\u0107 2006 Do\u017cynki 14&nbsp;Zdj\u0119\u0107 2006 Weihnachtsmarkt 3&nbsp;Zdj\u0119\u0107 2007 Weihnachtsmarkt 6&nbsp;Zdj\u0119\u0107 2011 A1 Budowa 22&nbsp;Zdj\u0119\u0107 2011 Plac zabaw 1&nbsp;Zdj\u0119\u0107 201410_Plac_Zabaw 13&nbsp;Zdj\u0119\u0107 2015 Dzie\u0144 Babci 6&nbsp;Zdj\u0119\u0107<\/p>\n","protected":false},"author":3,"featured_media":0,"parent":0,"menu_order":0,"comment_status":"closed","ping_status":"closed","template":"","meta":{"ngg_post_thumbnail":0,"footnotes":""},"class_list":["post-499","page","type-page","status-publish","hentry"],"jetpack_sharing_enabled":true,"_links":{"self":[{"href":"https:\/\/www.swietoszowice.pl\/index.php?rest_route=\/wp\/v2\/pages\/499","targetHints":{"allow":["GET"]}}],"collection":[{"href":"https:\/\/www.swietoszowice.pl\/index.php?rest_route=\/wp\/v2\/pages"}],"about":[{"href":"https:\/\/www.swietoszowice.pl\/index.php?rest_route=\/wp\/v2\/types\/page"}],"author":[{"embeddable":true,"href":"https:\/\/www.swietoszowice.pl\/index.php?rest_route=\/wp\/v2\/users\/3"}],"replies":[{"embeddable":true,"href":"https:\/\/www.swietoszowice.pl\/index.php?rest_route=%2Fwp%2Fv2%2Fcomments&post=499"}],"version-history":[{"count":24,"href":"https:\/\/www.swietoszowice.pl\/index.php?rest_route=\/wp\/v2\/pages\/499\/revisions"}],"predecessor-version":[{"id":835,"href":"https:\/\/www.swietoszowice.pl\/index.php?rest_route=\/wp\/v2\/pages\/499\/revisions\/835"}],"wp:attachment":[{"href":"https:\/\/www.swietoszowice.pl\/index.php?rest_route=%2Fwp%2Fv2%2Fmedia&parent=499"}],"curies":[{"name":"wp","href":"https:\/\/api.w.org\/{rel}","templated":true}]}}